{"id":47,"date":"2018-08-10T14:13:59","date_gmt":"2018-08-10T14:13:59","guid":{"rendered":"http:\/\/localhost\/stein\/?page_id=47"},"modified":"2018-10-09T20:21:08","modified_gmt":"2018-10-09T20:21:08","slug":"sli","status":"publish","type":"page","link":"https:\/\/www.stein.cl\/index.php\/servicios\/sli\/","title":{"rendered":"SLI"},"content":{"rendered":"<section class=\"sexperiencia sectioncomun\">\n<div class=\"container cont1\">\n<div class=\"contentinn\">\n\t    SLI  (Sistema Log\u00edstico Integral), desarrollado integramente por el \u00e1rea tecnol\u00f3gica de Stein, que permite visualizar en tiempo real el seguimiento de tus operaciones, supervisando cada uno de los procesos de la cadena log\u00edstica, de principio a fin.<br \/>\n\t\tAl ser una herramienta web con personal TI 100% dedicado, permite la interacci\u00f3n de datos en diferentes plataformas, operando de manera flexible de acuerdo la necesidad de cada cliente. Tambi\u00e9n permite la integraci\u00f3n especial de reportes con enlaces redundantes para voz y datos por rutas geogr\u00e1ficas distintas.\n    <\/div>\n<\/p><\/div>\n<\/section>\n<section class=\"sasesoria\">\n<div class=\"fullimgbg1\">\n<div class=\"opacioverimg\">\n<div class=\"d-flex justify-content-center\">\n<div class=\"col-sm-7 \">\n<div class=\"text-center\">\n<div id=\"overphosli\" class=\"colapsile overphoto\">\n<div class=\"\">\n<div class=\"\" id=\"headingOne\">\n                  <button class=\"overphotobtn btn btncustomdesplega \" data-toggle=\"collapse\" data-target=\"#overphosli_cola\" aria-expanded=\"true\" aria-controls=\"collapseOne\">SLI es informaci\u00f3n en tiempo real a la vista de cada cliente para que puedan tomar decisiones oportunas siempre. <\/button>\n                <\/div>\n<\/p><\/div>\n<\/p><\/div>\n<div id=\"overphosli_cola\" class=\"overphoto collapse\" aria-labelledby=\"headingOne\" data-parent=\"#overphosli\">\n<div class=\"row text-left pb-5\">\n<div class=\"col\">\n                  Su mayor cualidad radica en la personalizaci\u00f3n de reportes de gesti\u00f3n para el cliente y su posibilidad de interacci\u00f3n a trav\u00e9s de diferentes plataformas. Adem\u00e1s ofrece pantallas personalizadas y su desarrollo e implementaci\u00f3n es completamente flexible para ofrecer un servicio verdaderamente a la medida de cada cliente.\n                <\/div>\n<\/p><\/div>\n<\/p><\/div>\n<\/p><\/div>\n<\/p><\/div>\n<\/p><\/div>\n<\/p><\/div>\n<\/p><\/div>\n<\/section>\n<section class=\"sasesoria sectioncomun1\">\n<div class=\"\">\n    <\/p>\n<div class=\"text-center\">\n<div class=\"row container mx-auto\">\n<div class=\"text-left col-12 py-3\">\n          <strong>Actualmente administramos la gesti\u00f3n de comercio exterior de m\u00e1s de 200 empresas, reflejando m\u00e1s de 10.000 operaciones mensuales.<\/strong><br \/>\n          Principales reportes:<\/p>\n<ul>\n<li>Seguimiento de proceso de importaci\u00f3n y exportaci\u00f3n.<\/li>\n<li>Control r\u00e9gimen suspensivo<\/li>\n<li>Desembolsos de terceros<\/li>\n<li>Reporte de costeo<\/li>\n<li>Gastos por despacho<\/li>\n<li>Ahorro derechos<\/li>\n<li>KPI y otros<\/li>\n<\/ul><\/div>\n<div class=\"text-left col-12 py-3\">\n          A continuaci\u00f3n describe brevemente algunos de los principales reportes de SLI que adem\u00e1s permiten ser exportados a Excel:\n        <\/div>\n<div class=\"col-12 mx-3 mx-md-auto col-md-6\">\n<div id=\"slicola1\" class=\"colapsile slimy\">\n<div class=\"\">\n<div class=\"\" id=\"headingOne\">\n                <button class=\" btn btncustomdesplega \" data-toggle=\"collapse\" data-target=\"#slicola1_cola\" aria-expanded=\"true\" aria-controls=\"collapseOne\">Reporte Desembolsos: <\/button>\n              <\/div>\n<\/p><\/div>\n<\/p><\/div>\n<div id=\"slicola1_cola\" class=\"collapse slimyinn\" aria-labelledby=\"headingOne\" data-parent=\"#slicola1\">\n            Detalle de gastos de los distintos proveedores de puerto y aeropuerto que intervienen en los despachos, tanto en importaciones como exportaciones.\n          <\/div>\n<div id=\"slicola2\" class=\"colapsile slimy\">\n<div class=\"\">\n<div class=\"\" id=\"headingOne\">\n                <button class=\" btn btncustomdesplega \" data-toggle=\"collapse\" data-target=\"#slicola2_cola\" aria-expanded=\"true\" aria-controls=\"collapseOne\">Reporte Devoluciones: <\/button>\n              <\/div>\n<\/p><\/div>\n<\/p><\/div>\n<div id=\"slicola2_cola\" class=\"collapse slimyinn\" aria-labelledby=\"headingOne\" data-parent=\"#slicola2\">\n            Reporte para el control de la gesti\u00f3n de devoluci\u00f3n de derechos cancelados sobre las mercanc\u00edas importadas una vez que el cliente presenta el Certificado de Origen.\n          <\/div>\n<div id=\"slicola3\" class=\"colapsile slimy\">\n<div class=\"\">\n<div class=\"\" id=\"headingOne\">\n                <button class=\" btn btncustomdesplega \" data-toggle=\"collapse\" data-target=\"#slicola3_cola\" aria-expanded=\"true\" aria-controls=\"collapseOne\">Gastos por Despacho: <\/button>\n              <\/div>\n<\/p><\/div>\n<\/p><\/div>\n<div id=\"slicola3_cola\" class=\"collapse slimyinn\" aria-labelledby=\"headingOne\" data-parent=\"#slicola3\">\n            Reporte para acceder al detalle de los distintos costos de cada despacho, tales como derechos, desembolsos, honorarios agencia, entre otros.\n          <\/div>\n<div id=\"slicola4\" class=\"colapsile slimy\">\n<div class=\"\">\n<div class=\"\" id=\"headingOne\">\n                <button class=\" btn btncustomdesplega \" data-toggle=\"collapse\" data-target=\"#slicola4_cola\" aria-expanded=\"true\" aria-controls=\"collapseOne\">Ahorro de derechos<\/button>\n              <\/div>\n<\/p><\/div>\n<\/p><\/div>\n<div id=\"slicola4_cola\" class=\"collapse slimyinn\" aria-labelledby=\"headingOne\" data-parent=\"#slicola4\">\n            Calcula el Ad-Valorem en base al valor CIF, para los despachos acogidos a distintos tratados de libre comercio.\n          <\/div>\n<\/p><\/div>\n<div class=\"col-12  mx-3 mx-md-auto col-md-6\">\n<div id=\"slicola5\" class=\"colapsile slimy\">\n<div class=\"\">\n<div class=\"\" id=\"headingOne\">\n                <button class=\" btn btncustomdesplega \" data-toggle=\"collapse\" data-target=\"#slicola5_cola\" aria-expanded=\"true\" aria-controls=\"collapseOne\">KPI (Key Performance Indicators): <\/button>\n              <\/div>\n<\/p><\/div>\n<\/p><\/div>\n<div id=\"slicola5_cola\" class=\"collapse slimyinn\" aria-labelledby=\"headingOne\" data-parent=\"#slicola5\">\n            Indicador acordado en conjunto Agencia-cliente para la medici\u00f3n del nivel de cumplimiento de Agencia, embarcador e importador en la tramitaci\u00f3n de cada despacho.\n          <\/div>\n<div id=\"slicola6\" class=\"colapsile slimy\">\n<div class=\"\">\n<div class=\"\" id=\"headingOne\">\n                <button class=\" btn btncustomdesplega \" data-toggle=\"collapse\" data-target=\"#slicola6_cola\" aria-expanded=\"true\" aria-controls=\"collapseOne\">Bultos:  <\/button>\n              <\/div>\n<\/p><\/div>\n<\/p><\/div>\n<div id=\"slicola6_cola\" class=\"collapse slimyinn\" aria-labelledby=\"headingOne\" data-parent=\"#slicola6\">\n            Reporte para acceder al detalle de los tipos de bultos por despacho, distinguiendo cajas, contenedores o pallets.\n          <\/div>\n<div id=\"slicola7\" class=\"colapsile slimy\">\n<div class=\"\">\n<div class=\"\" id=\"headingOne\">\n                <button class=\" btn btncustomdesplega \" data-toggle=\"collapse\" data-target=\"#slicola7_cola\" aria-expanded=\"true\" aria-controls=\"collapseOne\">Im\u00e1genes: <\/button>\n              <\/div>\n<\/p><\/div>\n<\/p><\/div>\n<div id=\"slicola7_cola\" class=\"collapse slimyinn\" aria-labelledby=\"headingOne\" data-parent=\"#slicola7\">\n            Servicio de visualizaci\u00f3n de carpeta de todos los documentos que comprende cada operaci\u00f3n:<\/p>\n<ul>\n<li>Declaraci\u00f3n de Ingreso o Salida <\/li>\n<li>Factura Agencia Stein<\/li>\n<li>Orden de Compra<\/li>\n<li>Factura proveedor <\/li>\n<li>Documentos de embarque<\/li>\n<li>Desembolsos<\/li>\n<li>Certificado de origen<\/li>\n<\/ul><\/div>\n<\/p><\/div>\n<div class=\"text-left col-12 py-3\">\n          <strong>Principales ventajas de SLI<\/strong>\n        <\/div>\n<div class=\"col-12 mx-3 mx-md-auto col-md-6\">\n<div id=\"\" class=\"colapsile slimy\">\n<div class=\"\">\n<div class=\"\" id=\"headingOne\">\n                <button class=\" btn btncustomdesplega \" data-toggle=\"collapse\" data-target=\"#principales_1\" aria-expanded=\"true\" aria-controls=\"collapseOne\">Integraci\u00f3n<\/button>\n              <\/div>\n<\/p><\/div>\n<\/p><\/div>\n<div id=\"principales_1\" class=\"collapse slimyinn\" aria-labelledby=\"headingOne\" data-parent=\"#slicola1\">\n            Permite operar e integrar distintas plataformas, intercambiar archivos o registrar datos en forma directa por el cliente.\n          <\/div>\n<div id=\"\" class=\"colapsile slimy\">\n<div class=\"\">\n<div class=\"\" id=\"headingOne\">\n                <button class=\" btn btncustomdesplega \" data-toggle=\"collapse\" data-target=\"#principales_2\" aria-expanded=\"true\" aria-controls=\"collapseOne\">Control<\/button>\n              <\/div>\n<\/p><\/div>\n<\/p><\/div>\n<div id=\"principales_2\" class=\"collapse slimyinn\" aria-labelledby=\"headingOne\" data-parent=\"#slicola1\">\n            Permite monitorear el desempe\u00f1o de la Agencia con reportes de rendimiento y desempe\u00f1o interno que aportan a una mejora cont\u00ednua.\n          <\/div>\n<\/p><\/div>\n<div class=\"col-12 mx-3 mx-md-auto col-md-6\">\n<div id=\"\" class=\"colapsile slimy\">\n<div class=\"\">\n<div class=\"\" id=\"headingOne\">\n                <button class=\" btn btncustomdesplega \" data-toggle=\"collapse\" data-target=\"#principales_3\" aria-expanded=\"true\" aria-controls=\"collapseOne\">Flexibilidad<\/button>\n              <\/div>\n<\/p><\/div>\n<\/p><\/div>\n<div id=\"principales_3\" class=\"collapse slimyinn\" aria-labelledby=\"headingOne\" data-parent=\"#slicola1\">\n            Se adapta perfectamente a los formatos y necesidades de cada cliente.\n          <\/div>\n<\/p><\/div>\n<\/p><\/div>\n<\/p><\/div>\n<\/p><\/div>\n<\/section>\n","protected":false},"excerpt":{"rendered":"<p>SLI (Sistema Log\u00edstico Integral), desarrollado integramente por el \u00e1rea tecnol\u00f3gica de Stein, que permite visualizar en tiempo real el seguimiento de tus operaciones, supervisando cada uno de los procesos de la cadena log\u00edstica, de principio a fin. Al ser una herramienta web con personal TI 100% dedicado, permite la interacci\u00f3n de datos en diferentes plataformas, [&hellip;]<\/p>\n","protected":false},"author":1,"featured_media":0,"parent":41,"menu_order":0,"comment_status":"closed","ping_status":"closed","template":"","meta":{"_acf_changed":false,"footnotes":""},"acf":[],"_links":{"self":[{"href":"https:\/\/www.stein.cl\/index.php\/wp-json\/wp\/v2\/pages\/47"}],"collection":[{"href":"https:\/\/www.stein.cl\/index.php\/wp-json\/wp\/v2\/pages"}],"about":[{"href":"https:\/\/www.stein.cl\/index.php\/wp-json\/wp\/v2\/types\/page"}],"author":[{"embeddable":true,"href":"https:\/\/www.stein.cl\/index.php\/wp-json\/wp\/v2\/users\/1"}],"replies":[{"embeddable":true,"href":"https:\/\/www.stein.cl\/index.php\/wp-json\/wp\/v2\/comments?post=47"}],"version-history":[{"count":15,"href":"https:\/\/www.stein.cl\/index.php\/wp-json\/wp\/v2\/pages\/47\/revisions"}],"predecessor-version":[{"id":240,"href":"https:\/\/www.stein.cl\/index.php\/wp-json\/wp\/v2\/pages\/47\/revisions\/240"}],"up":[{"embeddable":true,"href":"https:\/\/www.stein.cl\/index.php\/wp-json\/wp\/v2\/pages\/41"}],"wp:attachment":[{"href":"https:\/\/www.stein.cl\/index.php\/wp-json\/wp\/v2\/media?parent=47"}],"curies":[{"name":"wp","href":"https:\/\/api.w.org\/{rel}","templated":true}]}}